
{"id":485,"date":"2025-08-22T15:09:45","date_gmt":"2025-08-22T13:09:45","guid":{"rendered":"https:\/\/audioacademyeu.eu\/it\/?page_id=485"},"modified":"2026-02-10T16:11:14","modified_gmt":"2026-02-10T15:11:14","slug":"privacy-policy","status":"publish","type":"page","link":"https:\/\/audioacademyeu.eu\/it\/privacy-policy\/","title":{"rendered":"Politica di trattamento dei dati personali (GDPR)"},"content":{"rendered":"\n<p><strong>1. Titolare del trattamento dei dati personali<\/strong><\/p>\n\n\n\n<p>Il titolare del trattamento dei dati personali \u00e8:<\/p>\n\n\n\n<p><strong>Ing. Tom\u00e1\u0161 Dvo\u0159\u00e1\u010dek<\/strong><br>Tom\u00e1\u0161 Dvo\u0159\u00e1k, Tomas Dvo\u0159\u00e1k<br>725 26 Kr\u00e1sn\u00e9 Pole<br>Email: eshop@audioacademyeu.eu<br>telefono: +420 773 789 940<br>ID: 61951404<\/p>\n\n\n\n<p>L&#8217;imprenditore \u00e8 iscritto al Registro del Commercio.<\/p>\n\n\n\n<p><strong>2. Quali dati personali trattiamo<\/strong><\/p>\n\n\n\n<p>Trattiamo solo i dati necessari per:<\/p>\n\n\n\n<ul class=\"wp-block-list\">\n<li><strong>l&#8217;elaborazione dell&#8217;ordine <\/strong>(ad es. nome, indirizzo e-mail, dati di fatturazione),<\/li>\n\n\n\n<li><strong>l&#8217;invio di comunicazioni commerciali <\/strong>(newsletter), se l&#8217;utente fornisce il proprio esplicito consenso.<\/li>\n\n\n\n<li><strong>analizzare il traffico del sito web <\/strong>tramite Google Analytics.<\/li>\n<\/ul>\n\n\n\n<p><strong>3. Finalit\u00e0 e base giuridica del trattamento<\/strong><\/p>\n\n\n\n<figure class=\"wp-block-table\"><table class=\"has-fixed-layout\"><thead><tr><td><strong>Finalit\u00e0 del trattamento<\/strong><\/td><td><strong>Base giuridica del trattamento<\/strong><\/td><\/tr><\/thead><tbody><tr><td>Elaborazione dell&#8217;ordine<\/td><td>Esecuzione di un contratto ai sensi dell&#8217;articolo 6, paragrafo 1, lettera b), del GDPR<\/td><\/tr><tr><td>Tenuta della contabilit\u00e0<\/td><td>Esecuzione di un obbligo legale ai sensi dell&#8217;articolo 6, paragrafo 1, lettera c), del GDPR<\/td><\/tr><tr><td>Invio della newsletter<\/td><td>Consenso dell&#8217;interessato ai sensi dell&#8217;Articolo 6(1)(a) GDPR<\/td><\/tr><tr><td>Analisi del traffico<\/td><td>Interesse legittimo o consenso ai sensi dell&#8217;Articolo 6(1)(a) o (f) GDPR<\/td><\/tr><\/tbody><\/table><\/figure>\n\n\n\n<p><strong>4. Periodo di conservazione dei dati<\/strong><\/p>\n\n\n\n<ul class=\"wp-block-list\">\n<li>Conserviamo i dati per l&#8217;elaborazione degli ordini per il tempo necessario all&#8217;adempimento del contratto e degli obblighi di legge (documenti contabili &#8211; 10 anni).<\/li>\n\n\n\n<li>Conserviamo i dati per l&#8217;invio della newsletter fino alla revoca del consenso.<\/li>\n\n\n\n<li>Conserviamo i dati dei cookie e degli strumenti analitici in base alle impostazioni di consenso dell&#8217;utente e al periodo di conservazione dei dati consigliato &#8211; 1 anno.<\/li>\n<\/ul>\n\n\n\n<p><strong>5. Destinatari dei dati personali<\/strong><\/p>\n\n\n\n<p>I vostri dati possono essere trasferiti a:<\/p>\n\n\n\n<ul class=\"wp-block-list\">\n<li>fornitori di servizi tecnici e informatici (ad es. web hosting, e-mailing, analisi),<\/li>\n\n\n\n<li>un commercialista o un consulente fiscale,<\/li>\n\n\n\n<li>autorit\u00e0 governative, se richiesto dalla legge.<\/li>\n<\/ul>\n\n\n\n<p><strong>Non trasferiamo <\/strong>i vostri dati <strong>a paesi terzi <\/strong>al di fuori dell&#8217;UE.<\/p>\n\n\n\n<p><strong>6. Trasferimento a paesi terzi<\/strong><\/p>\n\n\n\n<p>L&#8217;utilizzo di alcuni strumenti di analisi e di marketing pu\u00f2 comportare <strong>il trasferimento di dati personali in paesi terzi al di fuori dell&#8217;UE<\/strong>, in particolare negli <strong>Stati Uniti d&#8217;America<\/strong>.<\/p>\n\n\n\n<p>In particolare, utilizziamo <strong>Google Analytics <\/strong>fornito da Google LLC. Il trasferimento avviene sulla base di <strong>clausole contrattuali standard <\/strong>approvate dalla Commissione Europea e di altre garanzie adeguate.<\/p>\n\n\n\n<p>Garantiamo che qualsiasi trasferimento di questo tipo sia conforme ai requisiti del GDPR e protegga i vostri dati personali in modo appropriato.<\/p>\n\n\n\n<p><strong>7. Diritti dell&#8217;utente<\/strong><\/p>\n\n\n\n<p>Avete il diritto di:<\/p>\n\n\n\n<ul class=\"wp-block-list\">\n<li>richiedere l&#8217;accesso ai vostri dati personali<\/li>\n\n\n\n<li>richiedere la rettifica o la cancellazione,<\/li>\n\n\n\n<li>richiedere la limitazione del trattamento<\/li>\n\n\n\n<li>opporsi al trattamento,<\/li>\n\n\n\n<li>alla portabilit\u00e0 dei dati,<\/li>\n\n\n\n<li>revocare il consenso al trattamento in qualsiasi momento (ad esempio, annullare l&#8217;iscrizione alla newsletter),<\/li>\n\n\n\n<li>proporre reclamo all&#8217;autorit\u00e0 di controllo &#8211; l&#8217;<strong>Ufficio per la protezione dei dati personali <\/strong>(www.uoou.cz).<\/li>\n<\/ul>\n\n\n\n<p><strong>8. Sicurezza dei dati<\/strong><\/p>\n\n\n\n<p>Proteggiamo i vostri dati personali con misure tecniche e organizzative per prevenire la perdita, l&#8217;abuso o l&#8217;accesso non autorizzato.<\/p>\n\n\n\n<p><strong>9. Cookie<\/strong><\/p>\n\n\n\n<p>Il nostro sito web pu\u00f2 utilizzare i cookie per garantire la funzionalit\u00e0 di base dell&#8217;e-shop. Nel caso di cookie di marketing, chiediamo un consenso separato.<\/p>\n\n\n\n<p><strong>10. Contatti<\/strong><\/p>\n\n\n\n<p>In caso di domande sulla protezione dei dati, si prega di contattarci all&#8217;indirizzo: <strong>eshop@audioacademyeu.eu<\/strong><\/p>\n","protected":false},"excerpt":{"rendered":"<p>1. Titolare del trattamento dei dati personali Il titolare del trattamento dei dati personali \u00e8: Ing. Tom\u00e1\u0161 Dvo\u0159\u00e1\u010dekTom\u00e1\u0161 Dvo\u0159\u00e1k, Tomas Dvo\u0159\u00e1k725 26 Kr\u00e1sn\u00e9 PoleEmail: eshop@audioacademyeu.eutelefono: +420 773 789 940ID: 61951404 L&#8217;imprenditore \u00e8 iscritto al Registro del Commercio. 2. Quali dati personali trattiamo Trattiamo solo i dati necessari per: 3. Finalit\u00e0 e base giuridica del trattamento [&hellip;]<\/p>\n","protected":false},"author":1976,"featured_media":0,"parent":0,"menu_order":0,"comment_status":"closed","ping_status":"closed","template":"elementor_theme","meta":{"_acf_changed":false,"inline_featured_image":false,"_sitemap_exclude":false,"_sitemap_priority":"","_sitemap_frequency":"","footnotes":""},"class_list":["post-485","page","type-page","status-publish","hentry"],"acf":[],"_links":{"self":[{"href":"https:\/\/audioacademyeu.eu\/it\/wp-json\/wp\/v2\/pages\/485","targetHints":{"allow":["GET"]}}],"collection":[{"href":"https:\/\/audioacademyeu.eu\/it\/wp-json\/wp\/v2\/pages"}],"about":[{"href":"https:\/\/audioacademyeu.eu\/it\/wp-json\/wp\/v2\/types\/page"}],"author":[{"embeddable":true,"href":"https:\/\/audioacademyeu.eu\/it\/wp-json\/wp\/v2\/users\/1976"}],"replies":[{"embeddable":true,"href":"https:\/\/audioacademyeu.eu\/it\/wp-json\/wp\/v2\/comments?post=485"}],"version-history":[{"count":2,"href":"https:\/\/audioacademyeu.eu\/it\/wp-json\/wp\/v2\/pages\/485\/revisions"}],"predecessor-version":[{"id":488,"href":"https:\/\/audioacademyeu.eu\/it\/wp-json\/wp\/v2\/pages\/485\/revisions\/488"}],"wp:attachment":[{"href":"https:\/\/audioacademyeu.eu\/it\/wp-json\/wp\/v2\/media?parent=485"}],"curies":[{"name":"wp","href":"https:\/\/api.w.org\/{rel}","templated":true}]}}

<p><strong>1. Titolare del trattamento dei dati personali</strong></p>



<p>Il titolare del trattamento dei dati personali è:</p>



<p><strong>Ing. Tomáš Dvořáček</strong><br>Tomáš Dvořák, Tomas Dvořák<br>725 26 Krásné Pole<br>Email: eshop@audioacademyeu.eu<br>telefono: +420 773 789 940<br>ID: 61951404</p>



<p>L&#8217;imprenditore è iscritto al Registro del Commercio.</p>



<p><strong>2. Quali dati personali trattiamo</strong></p>



<p>Trattiamo solo i dati necessari per:</p>



<ul class="wp-block-list">
<li><strong>l&#8217;elaborazione dell&#8217;ordine </strong>(ad es. nome, indirizzo e-mail, dati di fatturazione),</li>



<li><strong>l&#8217;invio di comunicazioni commerciali </strong>(newsletter), se l&#8217;utente fornisce il proprio esplicito consenso.</li>



<li><strong>analizzare il traffico del sito web </strong>tramite Google Analytics.</li>
</ul>



<p><strong>3. Finalità e base giuridica del trattamento</strong></p>



<figure class="wp-block-table"><table class="has-fixed-layout"><thead><tr><td><strong>Finalità del trattamento</strong></td><td><strong>Base giuridica del trattamento</strong></td></tr></thead><tbody><tr><td>Elaborazione dell&#8217;ordine</td><td>Esecuzione di un contratto ai sensi dell&#8217;articolo 6, paragrafo 1, lettera b), del GDPR</td></tr><tr><td>Tenuta della contabilità</td><td>Esecuzione di un obbligo legale ai sensi dell&#8217;articolo 6, paragrafo 1, lettera c), del GDPR</td></tr><tr><td>Invio della newsletter</td><td>Consenso dell&#8217;interessato ai sensi dell&#8217;Articolo 6(1)(a) GDPR</td></tr><tr><td>Analisi del traffico</td><td>Interesse legittimo o consenso ai sensi dell&#8217;Articolo 6(1)(a) o (f) GDPR</td></tr></tbody></table></figure>



<p><strong>4. Periodo di conservazione dei dati</strong></p>



<ul class="wp-block-list">
<li>Conserviamo i dati per l&#8217;elaborazione degli ordini per il tempo necessario all&#8217;adempimento del contratto e degli obblighi di legge (documenti contabili &#8211; 10 anni).</li>



<li>Conserviamo i dati per l&#8217;invio della newsletter fino alla revoca del consenso.</li>



<li>Conserviamo i dati dei cookie e degli strumenti analitici in base alle impostazioni di consenso dell&#8217;utente e al periodo di conservazione dei dati consigliato &#8211; 1 anno.</li>
</ul>



<p><strong>5. Destinatari dei dati personali</strong></p>



<p>I vostri dati possono essere trasferiti a:</p>



<ul class="wp-block-list">
<li>fornitori di servizi tecnici e informatici (ad es. web hosting, e-mailing, analisi),</li>



<li>un commercialista o un consulente fiscale,</li>



<li>autorità governative, se richiesto dalla legge.</li>
</ul>



<p><strong>Non trasferiamo </strong>i vostri dati <strong>a paesi terzi </strong>al di fuori dell&#8217;UE.</p>



<p><strong>6. Trasferimento a paesi terzi</strong></p>



<p>L&#8217;utilizzo di alcuni strumenti di analisi e di marketing può comportare <strong>il trasferimento di dati personali in paesi terzi al di fuori dell&#8217;UE</strong>, in particolare negli <strong>Stati Uniti d&#8217;America</strong>.</p>



<p>In particolare, utilizziamo <strong>Google Analytics </strong>fornito da Google LLC. Il trasferimento avviene sulla base di <strong>clausole contrattuali standard </strong>approvate dalla Commissione Europea e di altre garanzie adeguate.</p>



<p>Garantiamo che qualsiasi trasferimento di questo tipo sia conforme ai requisiti del GDPR e protegga i vostri dati personali in modo appropriato.</p>



<p><strong>7. Diritti dell&#8217;utente</strong></p>



<p>Avete il diritto di:</p>



<ul class="wp-block-list">
<li>richiedere l&#8217;accesso ai vostri dati personali</li>



<li>richiedere la rettifica o la cancellazione,</li>



<li>richiedere la limitazione del trattamento</li>



<li>opporsi al trattamento,</li>



<li>alla portabilità dei dati,</li>



<li>revocare il consenso al trattamento in qualsiasi momento (ad esempio, annullare l&#8217;iscrizione alla newsletter),</li>



<li>proporre reclamo all&#8217;autorità di controllo &#8211; l&#8217;<strong>Ufficio per la protezione dei dati personali </strong>(www.uoou.cz).</li>
</ul>



<p><strong>8. Sicurezza dei dati</strong></p>



<p>Proteggiamo i vostri dati personali con misure tecniche e organizzative per prevenire la perdita, l&#8217;abuso o l&#8217;accesso non autorizzato.</p>



<p><strong>9. Cookie</strong></p>



<p>Il nostro sito web può utilizzare i cookie per garantire la funzionalità di base dell&#8217;e-shop. Nel caso di cookie di marketing, chiediamo un consenso separato.</p>



<p><strong>10. Contatti</strong></p>



<p>In caso di domande sulla protezione dei dati, si prega di contattarci all&#8217;indirizzo: <strong>eshop@audioacademyeu.eu</strong></p>

<p>1. Titolare del trattamento dei dati personali Il titolare del trattamento dei dati personali è: Ing. Tomáš DvořáčekTomáš Dvořák, Tomas Dvořák725 26 Krásné PoleEmail: eshop@audioacademyeu.eutelefono: +420 773 789 940ID: 61951404 L&#8217;imprenditore è iscritto al Registro del Commercio. 2. Quali dati personali trattiamo Trattiamo solo i dati necessari per: 3. Finalità e base giuridica del trattamento [&hellip;]</p>
